{"id":3,"date":"2018-07-20T20:54:53","date_gmt":"2018-07-20T18:54:53","guid":{"rendered":"http:\/\/localhost\/?page_id=3"},"modified":"2024-04-06T12:01:25","modified_gmt":"2024-04-06T10:01:25","slug":"politica-de-privadesa","status":"publish","type":"page","link":"https:\/\/www.gotes.org\/?page_id=3","title":{"rendered":"Pol\u00edtica de privadesa"},"content":{"rendered":"<h2>Qui som<\/h2>\n<p>La nostra adre\u00e7a web \u00e9s: https:\/\/www.gotes.org.<\/p>\n<h4>Dades coorporatives:<\/h4>\n<ul>\n<li><strong>Ra\u00f3 social:<\/strong> Gotes, S.COOP<\/li>\n<li><strong>Direcci\u00f3 fiscal:<\/strong> Alqueria des Comte, n\u00ba40 07100 S\u00f3ller (Illes Balears)<\/li>\n<li><strong>NIF:<\/strong> F16521742<\/li>\n<li><strong>Tel\u00e8fon:<\/strong> +34 971 57 37 98<\/li>\n<li><strong>E-mail:<\/strong> info@gotes.org<\/li>\n<li><strong>Societat registrada a:<\/strong>\n<ul>\n<li>Registre de Cooperatives\u00a0 de les Illes Balears<\/li>\n<li>Fol 847<\/li>\n<li>Assentament n1<\/li>\n<li>Clau 07BA<\/li>\n<li>N\u00famero 620<\/li>\n<\/ul>\n<\/li>\n<li><strong>Societat registrada al<em> Registro de Operadores de comunicaciones electr\u00f3nicas de la CNMC<\/em><\/strong>\n<ul>\n<li>Expedient\u00a0RO\/DTSA\/0480\/17\/NOTIFICACI\u00d3N\/GOTES S. COOP<\/li>\n<\/ul>\n<\/li>\n<\/ul>\n<p><a href=\"\/wp-content\/uploads\/2024\/04\/GOTES_SC_X3_MODELO_DE_SOLICITUD_DE_EJERCICIO_DE_DERECHOS_DEL_INTERESADO.pdf\">Enlla\u00e7 al model de sol\u00b7licitud d&#8217;exercici dels drets de l&#8217;interessat aqu\u00ed.<\/a><\/p>\n<h2>1. INFORMACI\u00d3 A L&#8217;USUARI<\/h2>\n<p>Qui \u00e9s el responsable del tractament de les teves dades personals?<br \/>\nGOTES, S.COOP \u00e9s el responsable del tractament de les dades personals de l&#8217;usuari i t&#8217;informa que aquestes dades seran tractades de conformitat amb el que disposa el Reglament (UE) 2016\/679, de 27 d&#8217;abril (GDPR), i la Llei Org\u00e0nica 3\/2018, del 5 de desembre (LOPDGDD).<\/p>\n<h2>Quina tipologia de dades et sol\u00b7licitem i tractem?<\/h2>\n<p>Segons el formulari o manera d&#8217;obtenir les teves dades, sempre us demanem els m\u00ednims necessaris per complir els fins detallats en cada cas.<\/p>\n<h2>Per qu\u00e8 tractem les teves dades personals i per qu\u00e8 ho fem?<\/h2>\n<p>En compliment del que estableix la RGPD, l&#8217;informem que les seves dades seran tractades en els nostres fitxers, amb la finalitat del manteniment i compliment de la relaci\u00f3 amb la nostra entitat, incloent l&#8217;enviament de comunicacions en el marc de l&#8217;esmentada relaci\u00f3.<\/p>\n<p>En compliment de la RGPD pot exercir els seus drets ARCO davant Gotes, S.COOP, amb direcci\u00f3 a Alqueria des Comte n\u00ba40, 07100 &#8211; S\u00f3ller, adjuntant fotoc\u00f2pia del seu DNI.<\/p>\n<p>El contingut d&#8217;aquesta comunicaci\u00f3, aix\u00ed com el de tota la documentaci\u00f3 annexa, est\u00e0 subjecta al deure de secret i va dirigida \u00fanicament al seu destinatari. En el cas que vost\u00e8 no fos el destinatari, li demanem que ens ho indiqui i no comuniqui el seu contingut a tercers, procedint a la seva destrucci\u00f3.<\/p>\n<p>El prestador de serveis de la societat de la informaci\u00f3 ha de tenir en compte que, a m\u00e9s de la informaci\u00f3 que faciliti als destinataris del servei a trav\u00e9s del seu &#8220;Pol\u00edtica de Privadesa&#8221;, ha de disposar de textos legals addicionals relatius a altres normatives d&#8217;obligat compliment , com ara, sense car\u00e0cter limitatiu o excloent, condicions generals de la contractaci\u00f3, propietat intel\u00b7lectual i industrial, condicions d&#8217;utilitzaci\u00f3 de la p\u00e0gina web i responsabilitats al respecte, o el que la mateixa Llei 34\/2002, de 11 de juliol, de Serveis de la Societat de la informaci\u00f3 i de Comer\u00e7 Electr\u00f2nic pugui establir en qualssevol altres preceptes al marge del seu article 10 o fins i tot completar la informaci\u00f3 que, en relaci\u00f3 a aquest, fos necess\u00e0ria.<\/p>\n<h3>Comentaris<\/h3>\n<p>Quan els visitants deixen comentaris a la web, recollim les dades que es mostren al formulari de contacte, aix\u00ed com l&#8217;adre\u00e7a IP del visitant i la cadena de l&#8217;agent de l&#8217;usuari del navegador per ajudar a la detecci\u00f3 de missatges brossa.<\/p>\n<p>Una cadena anonimitzada creada a partir del correu electr\u00f2nic (tamb\u00e9 nomenat un hash) pot proporcionar-se al servei Gravatar per veure si l&#8217;esteu usant. La pol\u00edtica de privadesa del servei Gravatar est\u00e0 disponible aqu\u00ed: https:\/\/automattic.com\/privacy\/. Una vegada aprovat el comentari, la imatge del vostre perfil \u00e9s visible al p\u00fablic al context del comentari.<\/p>\n<h3>M\u00e8dia<\/h3>\n<p>Si pugeu imatges al lloc web, heu d&#8217;evitar pujar imatges que incloguin dades de geolocalitzaci\u00f3 (EXIF GPS) incrustades. Els visitants del lloc web poden descarregar i extreure qualsevol informaci\u00f3 de les imatges de la web.<\/p>\n<h3>Formularis de contacte<\/h3>\n<p>Si ompliu un formular de contacte heu d&#8217;emplenar el vostre nom i el vostre correu electr\u00f2nic per tal que Gotes, S.COOP puguem contactar amb v\u00f3s. Les dades d&#8217;<strong>Ubicaci\u00f3<\/strong>\u00a0i qualsevol altra dada que introdu\u00efu al formulari ser\u00e0 emprada per Gotes, S.COOP per oferir-li un servei adequat a la seva localitzaci\u00f3.<\/p>\n<p>Aquesta informaci\u00f3 ser\u00e0 emmagatzemada i inclosa en diversos fitxers mixtes denominats CLIENTES Y\/O PROVEEDORES\/CONTABILIDAD. En compliment de la RGPD pot exercir els seus drets ARCO davant Gotes, S.COOP, amb direcci\u00f3 a Alqueria des Comte n\u00ba40, 07100 &#8211; S\u00f3ller, adjuntant fotoc\u00f2pia del seu DNI.<\/p>\n<h3>Galetes<\/h3>\n<p>Si deixeu un comentari en la p\u00e0gina web, podeu optar per desar el nom, l&#8217;adre\u00e7a de correu electr\u00f2nic i la p\u00e0gina web en les galetes. Aix\u00f2 \u00e9s per la vostra comoditat perqu\u00e8 no h\u00e0geu d&#8217;emplenar les dades de nou quan feu un altre comentari. Aquestes galetes duraran un any.<\/p>\n<p>Si teniu un compte i inicieu sessi\u00f3 en aquesta p\u00e0gina web, es definir\u00e0 una galeta temporal per determinar si el navegador accepta galetes. Aquesta galeta no cont\u00e9 dades personals i es descartar\u00e0 quan tanqueu el navegador.<\/p>\n<p>Quan inicieu sessi\u00f3, tamb\u00e9 es configuraran diverses galetes per desar la informaci\u00f3 d&#8217;inici de sessi\u00f3 i les opcions de visualitzaci\u00f3 de la pantalla. Les galeres d&#8217;inici de sessi\u00f3 duren dos dies, i les galetes de les opcions de pantalla duren un any. Si seleccioneu &#8220;Recordeu-me&#8221;, l&#8217;inici de sessi\u00f3 persistir\u00e0 durant dues setmanes. Si finalitzeu la sessi\u00f3, les galetes d&#8217;inici de sessi\u00f3 seran suprimides.<\/p>\n<p>Si editeu o publiqueu un article, una galeta addicional es desar\u00e0 al navegador. Aquesta galeta no inclou dades personals i simplement indica l&#8217;identificador de l&#8217;entrada que acabeu d&#8217;editar. Expira despr\u00e9s d&#8217;1 dia.<\/p>\n<h3>Contingut incrustat d&#8217;altres llocs web<\/h3>\n<p>Els articles en aquesta p\u00e0gina web inclou contingut incrustat (per exemple, v\u00eddeos, imatges, articles, etc.). El contingut incrustat des d&#8217;altres p\u00e0gines web es comporta exactament de la mateixa manera com si el visitant estigu\u00e9s visitant l&#8217;altra p\u00e0gina web.<\/p>\n<p>Aquestes p\u00e0gines web poden recollir dades sobre v\u00f3s, fer servir galetes, incrustar seguiment addicional de terceres parts, i monitorar la interacci\u00f3 amb el contingut incrustat, incloent-hi la tra\u00e7a de la interacci\u00f3 amb el contingut incrustat si teniu un compte i heu iniciat sessi\u00f3 en aquesta p\u00e0gina web.<\/p>\n<h2>Durant quant de temps guardarem les teves dades personals?<\/h2>\n<p>Es conservaran durant no m\u00e9s temps del necessari per mantenir la fi del tractament o hi hagi prescripcions legals que dictaminin la seva cust\u00f2dia i quan ja no sigui necessari, se suprimiran amb mesures de seguretat adequades per garantir l&#8217;anonimitzaci\u00f3 de les dades o la destrucci\u00f3 total de els mateixos.<\/p>\n<h2>A qui facilitem les vostres dades personals?<\/h2>\n<p>No est\u00e0 prevista cap comunicaci\u00f3 de dades personals a tercers excepte, si fos necessari per al desenvolupament i execuci\u00f3 de les finalitats del tractament, als nostres prove\u00efdors de serveis relacionats amb comunicacions, amb els quals el responsable t\u00e9 subscrits els contractes de confidencialitat i encarregat de tractament exigits per la normativa vigent de privadesa.<\/p>\n<h2>Realitzem transfer\u00e8ncies internacionals?<\/h2>\n<p>De conformitat amb el que disposa l&#8217;article 44 del RGPD, l&#8217;autoritzaci\u00f3 de transfer\u00e8ncia internacional de dades a un pa\u00eds que no ha estat declarat com a pa\u00eds amb un nivell adequat de protecci\u00f3 nom\u00e9s es pot atorgar si s&#8217;obtenen garanties suficients. Aix\u00ed, es pot atorgar si el responsable del tractament aporta un contracte escrit, subscrit entre l&#8217;exportador i l&#8217;importador de dades, en qu\u00e8 constin les garanties necess\u00e0ries de respecte a la protecci\u00f3 dels interessats i es garanteixi l&#8217;exercici dels seus drets.<br \/>\n\u00c9s possible que el responsable compti amb serveis de prove\u00efdors que tinguin servidors o seus en altres llocs i, per tant, s&#8217;efectu\u00efn aquestes transfer\u00e8ncies. Per consultar el llistat actualitzat de prove\u00efdors, consulteu amb el responsable o mitjan\u00e7ant proveidors@gotes.org<\/p>\n<h2>Quins s\u00f3n els vostres drets?<\/h2>\n<p>Els drets que assisteixen a l&#8217;usuari s\u00f3n:<\/p>\n<ul>\n<li>Dret a retirar el consentiment en qualsevol moment.<\/li>\n<li>Dret d&#8217;acc\u00e9s, rectificaci\u00f3, portabilitat, supressi\u00f3 de les dades, limitaci\u00f3 o oposici\u00f3 al tractament.<\/li>\n<li>Dret a presentar una reclamaci\u00f3 davant de l&#8217;autoritat de control (www.aepd.es) si considera que el tractament no s&#8217;ajusta a la normativa vigent.<\/li>\n<\/ul>\n<h2>Dades de contacte per exercir els seus drets:<\/h2>\n<p>GOTES S.COOP C\/ Alqueria del Comte, 40 \u2013 07100 S\u00f3ller (Illes Balears). E-mail: proveidors@gotes.org<\/p>\n<h2>2. CAR\u00c0CTER OBLIGATORI O FACULTATIU DE LA INFORMACI\u00d3 FACILITADA PER L&#8217;USUARI<\/h2>\n<p>Els usuaris, mitjan\u00e7ant la marcaci\u00f3 de les caselles corresponents i l&#8217;entrada de dades als camps, marcats amb un asterisc (*) al formulari de contacte o presentats en formularis de desc\u00e0rrega, accepten expressament i de forma lliure i inequ\u00edvoca, que les seves dades s\u00f3n necessaris per atendre la seva petici\u00f3, per part del prestador, i \u00e9s volunt\u00e0ria la inclusi\u00f3 de dades en els camps restants. L&#8217;usuari garanteix que les dades personals facilitades al responsable s\u00f3n veraces i es fa responsable de comunicar-ne qualsevol modificaci\u00f3.<\/p>\n<p>El responsable informa que totes les dades sol\u00b7licitades a trav\u00e9s del lloc web s\u00f3n obligat\u00f2ries, ja que s\u00f3n necess\u00e0ries per a la prestaci\u00f3 d&#8217;un servei \u00f2ptim a l&#8217;usuari. En cas que no es facilitin totes les dades, no es garanteix que la informaci\u00f3 i els serveis facilitats siguin completament ajustats a les seves necessitats.<br \/>\nSi per algun tipus de mitj\u00e0, ens facilita dades de car\u00e0cter personal d&#8217;altres persones, el responsable adverteix que ho haur\u00e0 de fer amb el seu consentiment i haver informat, amb car\u00e0cter previ, dels aspectes continguts en aquesta Pol\u00edtica de Privadesa. Aix\u00ed mateix, el responsable es compromet a facilitar a qualsevol tercer les dades del qual ens faciliti la informaci\u00f3 que sigui pertinent, de conformitat amb el que disposa l&#8217;article 14 del Reglament General.<\/p>\n<h2>3. MESURES DE SEGURETAT<\/h2>\n<p>Que de conformitat amb el que disposen les normatives vigents en protecci\u00f3 de dades personals, el responsable est\u00e0 complint amb totes les disposicions de les normatives GDPR i LOPDGDD per al tractament de les dades personals de la seva responsabilitat, i manifestament amb els principis descrits a l&#8217;article 5 del GDPR, pels quals s\u00f3n tractats de manera l\u00edcita, lleial i transparent en relaci\u00f3 amb l&#8217;interessat i adequats, pertinents i limitats a all\u00f2 necessari en relaci\u00f3 amb els fins per als quals s\u00f3n tractats.<\/p>\n<p>El responsable garanteix que ha implementat pol\u00edtiques t\u00e8cniques i organitzatives apropiades per aplicar les mesures de seguretat que estableixen el GDPR i la LOPDGDD per tal de protegir els drets i les llibertats dels usuaris i els ha comunicat la informaci\u00f3 adequada perqu\u00e8 puguin exercir-los. Per a m\u00e9s informaci\u00f3 sobre les garanties de privadesa, pots adre\u00e7ar-te al responsable a trav\u00e9s de GOTES S.C. C\/ Alqueria del Comte, 40 \u2013 07100 S\u00f3ller (Illes Balears). E-mail: proveidors@gotes.org<\/p>\n<h2>4. VIG\u00c8NCIA<\/h2>\n<p>Aquesta pol\u00edtica de privadesa \u00e9s vigent des del 04\/04\/2024<\/p>\n<p>El responsable es reserva el dret de modificar aquesta pol\u00edtica per adaptar-la a futures actualitzacions legislatives o jurisprudencials que siguin aplicables, o per altres motius t\u00e8cnics, operatius, comercials, corporatius, etc. Si com a conseq\u00fc\u00e8ncia dels canvis, es veiessin afectats els drets dels usuaris, el responsable es compromet a informar sobre els motius.<\/p>\n","protected":false},"excerpt":{"rendered":"<p>Qui som La nostra adre\u00e7a web \u00e9s: https:\/\/www.gotes.org. Dades coorporatives: Ra\u00f3 social: Gotes, S.COOP Direcci\u00f3 fiscal: Alqueria des Comte, n\u00ba40 07100 S\u00f3ller (Illes Balears) NIF: F16521742 Tel\u00e8fon: +34 971 57 37 98 E-mail: info@gotes.org Societat registrada a: Registre de Cooperatives\u00a0 de les Illes Balears Fol 847 Assentament n1 Clau 07BA N\u00famero 620 Societat registrada al&hellip;<\/p>\n","protected":false},"author":1,"featured_media":0,"parent":0,"menu_order":0,"comment_status":"closed","ping_status":"closed","template":"","meta":{"_mi_skip_tracking":false,"footnotes":""},"_links":{"self":[{"href":"https:\/\/www.gotes.org\/index.php?rest_route=\/wp\/v2\/pages\/3"}],"collection":[{"href":"https:\/\/www.gotes.org\/index.php?rest_route=\/wp\/v2\/pages"}],"about":[{"href":"https:\/\/www.gotes.org\/index.php?rest_route=\/wp\/v2\/types\/page"}],"author":[{"embeddable":true,"href":"https:\/\/www.gotes.org\/index.php?rest_route=\/wp\/v2\/users\/1"}],"replies":[{"embeddable":true,"href":"https:\/\/www.gotes.org\/index.php?rest_route=%2Fwp%2Fv2%2Fcomments&post=3"}],"version-history":[{"count":4,"href":"https:\/\/www.gotes.org\/index.php?rest_route=\/wp\/v2\/pages\/3\/revisions"}],"predecessor-version":[{"id":522,"href":"https:\/\/www.gotes.org\/index.php?rest_route=\/wp\/v2\/pages\/3\/revisions\/522"}],"wp:attachment":[{"href":"https:\/\/www.gotes.org\/index.php?rest_route=%2Fwp%2Fv2%2Fmedia&parent=3"}],"curies":[{"name":"wp","href":"https:\/\/api.w.org\/{rel}","templated":true}]}}